se
Is 10883908853 prime?
True
Is 12469126807 composite?
True
Is 229068773 composite?
True
Is 9828310593 a prime number?
False
Is 1502290079 prime?
False
Is 3240106897 a prime number?
True
Is 2384331401 a prime number?
False
Is 1561408331 a composite number?
True
Is 621943081 a composite number?
False
Is 1065068969 prime?
True
Is 6856165707 prime?
False
Is 2937566179 a composite number?
False
Is 680952137 composite?
False
Is 45196411037 composite?
False
Is 156621239561 a composite number?
False
Is 26134548683 prime?
True
Is 1603834177 prime?
False
Is 2966736847 a prime number?
True
Is 4341380543 prime?
True
Is 131822519 a composite number?
False
Is 2749843813 a prime number?
False
Is 2035455707 composite?
True
Is 8579375719 a prime number?
True
Is 6051935261 a prime number?
True
Is 12519701269 a composite number?
False
Is 8066111047 composite?
False
Is 166158972937 a composite number?
False
Is 83950503349 prime?
True
Is 1111594381 prime?
False
Is 4800083779 a composite number?
True
Is 393883379 a prime number?
True
Is 2803648589 prime?
False
Is 20433328171 composite?
True
Is 1288338806 a prime number?
False
Is 10441457701 composite?
False
Is 39644845607 composite?
True
Is 9763437613 a prime number?
True
Is 13449821191 a composite number?
True
Is 3573472577 a composite number?
False
Is 56487540377 a prime number?
True
Is 586857143 prime?
True
Is 2790563927 a composite number?
False
Is 60151756361 prime?
True
Is 4200869749 composite?
True
Is 3380786009 a composite number?
True
Is 13845215107 composite?
False
Is 17180961079 prime?
True
Is 185111197 a composite number?
False
Is 6105136381 composite?
True
Is 4387941601 a composite number?
False
Is 5721868129 composite?
False
Is 67777760497 a prime number?
True
Is 42611356313 a composite number?
True
Is 6254821091 prime?
True
Is 6976421 a composite number?
False
Is 12483558509 composite?
True
Is 656668393 prime?
False
Is 23882916857 composite?
False
Is 320200679 a prime number?
True
Is 77138232386 a composite number?
True
Is 66813421079 a composite number?
False
Is 2529222649 a prime number?
True
Is 3002872079 a composite number?
True
Is 8033419253 a prime number?
False
Is 13960833379 prime?
False
Is 7700662733 prime?
True
Is 393487117 composite?
True
Is 3093569903 a prime number?
True
Is 34599221591 composite?
True
Is 31136541803 a prime number?
True
Is 29942617961 composite?
False
Is 110357759 prime?
True
Is 60325591 a composite number?
True
Is 1386204955 prime?
False
Is 4239398561 prime?
True
Is 180071027 a composite number?
False
Is 5697654491 prime?
True
Is 15567951389 a prime number?
True
Is 228104663 composite?
True
Is 787372927 a composite number?
True
Is 8112466679 a prime number?
False
Is 790281733 prime?
False
Is 6905309363 a prime number?
False
Is 14224290851 composite?
True
Is 24319752211 a prime number?
True
Is 822643951 prime?
True
Is 1693614023 prime?
True
Is 6728462149 composite?
False
Is 911430307 a prime number?
False
Is 1249002641 a prime number?
True
Is 332950973 prime?
True
Is 102130189022 composite?
True
Is 3707610551 a composite number?
True
Is 254277917986 a prime number?
False
Is 28225325553 a composite number?
True
Is 47365526497 prime?
False
Is 4997573539 composite?
True
Is 6454837573 a prime number?
True
Is 1227459197 prime?
True
Is 687475709 a composite number?
False
Is 10346860295 composite?
True
Is 14613686329 prime?
False
Is 145841897347 a composite number?
True
Is 3817691443 composite?
True
Is 1681462749 a composite number?
True
Is 7935610169 composite?
False
Is 233578500697 composite?
True
Is 1151485333 composite?
False
Is 1637955281 a composite number?
True
Is 3937024187 a prime number?
True
Is 4158996209 a composite number?
False
Is 214168992137 a composite number?
False
Is 65886902 a composite number?
True
Is 331296223 composite?
False
Is 623323891 a composite number?
False
Is 6416094563 a composite number?
False
Is 4451391149 a composite number?
False
Is 569810837 composite?
False
Is 4003048043 a composite number?
False
Is 4435508263 a composite number?
False
Is 220123411 a prime number?
True
Is 163190389 a prime number?
False
Is 629636519 composite?
True
Is 49303679 prime?
False
Is 1026193061 a composite number?
True
Is 5530655329 a prime number?
True
Is 386681134555 a composite number?
True
Is 7339784981 prime?
True
Is 654484361 a prime number?
False
Is 39448779653 a prime number?
False
Is 65717688781 a prime number?
True
Is 9701916403 prime?
False
Is 392992609 a prime number?
False
Is 4882150069 prime?
False
Is 2071405937 a prime number?
True
Is 15368614985 prime?
False
Is 548659249 a composite number?
False
Is 447860702 composite?
True
Is 704604757 a prime number?
False
Is 4078382579 a prime number?
True
Is 14694005731 a prime number?
False
Is 43178319179 a prime number?
False
Is 14484171859 a prime number?
False
Is 7407411793 prime?
False
Is 2706369559 composite?
False
Is 9534133993 a composite number?
False
Is 15665461741 prime?
True
Is 3937812127 a prime number?
False
Is 27201208817 a composite number?
False
Is 9303154513 a prime number?
False
Is 1057213337 prime?
True
Is 519251567 composite?
False
Is 636167641 prime?
False
Is 10129668847 a prime number?
True
Is 3068636771 a composite number?
True
Is 178250191051 a prime number?
False
Is 89446077899 prime?
False
Is 1571343107 a prime number?
True
Is 32230466057 a prime number?
False
Is 116478594533 a prime number?
False
Is 40804741199 a prime number?
True
Is 1986629993 prime?
True
Is 11404279729 a composite number?
False
Is 809465849 a composite number?
False
Is 880983161 composite?
False
Is 688213943 prime?
False
Is 194327377 prime?
True
Is 7526967263 prime?
True
Is 222267635 a prime number?
False
Is 2432402669 prime?
True
Is 23178022567 composite?
True
Is 769306331 prime?
False
Is 9478684538 a prime number?
False
Is 401514027 prime?
False
Is 6709589671 prime?
True
Is 105560729 a prime number?
True
Is 27971005349 composite?
True
Is 309506653 a composite number?
True
Is 1191222971 prime?
True
Is 794071781 composite?
False
Is 4749562579 a composite number?
False
Is 704002261 a prime number?
True
Is 222002783 composite?
True
Is 20168454391 a composite number?
False
Is 26447141 a prime number?
False
Is 227920237 a prime number?
False
Is 307244857 a composite number?
True
Is 12228617057 a composite number?
False
Is 98553652751 composite?
True
Is 2420118347 a composite number?
True
Is 1134114649 prime?
False
Is 52017863 a prime number?
True
Is 5287465637 a prime number?
False
Is 36731227627 a composite number?
False
Is 4829965529 composite?
True
Is 7186769251 a prime number?
True
Is 769009435 prime?
False
Is 3292958797 a composite number?
False
Is 99094813 composite?
False
Is 11228741989 prime?
False
Is 8776264069 a composite number?
False
Is 38303922563 prime?
True
Is 5489734057 prime?
False
Is 122643327 a prime number?
False
Is 9675001093 prime?
True
Is 141668410019 a prime number?
True
Is 48421621 a composite number?
False
Is 29085069443 composite?
True
Is 8497029313 composite?
False
Is 281169649 composite?
True
Is 2687147269 composite?
False
Is 9817528447 composite?
True
Is 7018836091 composite?
False
Is 973438601 a composite number?
True
Is 5190850547 prime?
True
Is 4320021323 a prime number?
False
Is 75794668483 composite?
True
Is 1768952957 composite?
True
Is 102003819667 a composite number?
True
Is 21754330739 a composite number?
False
Is 1047605803 composite?
False
Is 5715000593 a prime number?
False
Is 600093353 a composite number?
True
Is 97255776991 composite?
False
Is 25484141 composite?
False
Is 1681096699 a prime number?
True
Is 5408025869 a composite number?
False
Is 13894898467 a composite number?
False
Is 1812652657 prime?
True
Is 13443307721 prime?
False
Is 13991296109 prime?
False
Is 1928477753 composite?
False
Is 1168510921 prime?
True
Is 623652151 composite?
False
Is 3157288469 a prime number?
True
Is 3645614587 composite?
False
Is 302630999 composite?
True
Is 3651158359 prime?
True
Is 2836353655 composite?
True
Is 35590813 composite?
False
Is 1789123439 a composite number?
False
Is 458010557 a composite number?
True
Is 131004661769 composite?
False
Is 3633077917 prime?
False
Is 309970429 a composite number?
True
Is 28282225915 composite?
True
Is 116162691391 a composite number?
True